 2. Let w be x(-6). Suppose 4*r = -w*k - 44, -3 = 5*k - 5*r + 2. Give g(k).
-1
Let w(n) = 5*n + 8. Let t(c) = -9*c - 17. Let f(d) = -3*t(d) - 5*w(d). Let z = 387 - 380. Suppose 2*q + z = -0*g - g, -5*g + 2*q = 47. What is f(g)?
-7
Let v(p) be the second derivative of p**5/20 - 7*p**3/6 - 2*p**2 + 1388*p. Give v(4).
32
Let x(k) = -3*k**3 + 8*k**2 + 22*k + 4. Let h = 38227 - 38229. Calculate x(h).
16
Let l be 4/8 + (10/4)/(-5). Suppose l*o = -11*o - 121. Let a(m) = -12*m**2 + 7*m - 4 - m**3 - 17*m + 8 + 0. Give a(o).
-7
Let k(h) = -h**3 - 15*h**2 - 14*h + 3. Let n(l) = -l**3 - 16*l**2 - 15*l + 4. Let z(r) = 6*k(r) - 5*n(r). Let x be (-10 + 8)/((-24)/(-96)). Determine z(x).
-58
Let u(r) = -r**3 + 3*r**2 + r - 4. Let l be (-69)/7 + (-1)/7. Let z be (-1 + l/(-4))/(147/1960). Suppose -21*s + z*s = -3. Give u(s).
-1
Let w(r) = r**3 - 5*r**2 + r - 1. Let m(v) = v**3 + 12*v**2 + v + 17. Let n = 13 - 25. Let a be m(n). Suppose a*f - 12 = 2*f. What is w(f)?
-13
Let h(w) = -w + 1. Suppose -6 - 2 = -s. Let f(v) = -8*v + 47. Let a be f(s). Let k(t) = -3*t + 3. Let g(z) = a*h(z) + 6*k(z). Calculate g(-1).
2
Suppose -24 = 7*w - 3*w. Suppose 4*o - 2*f = 14, -3*o + 1 = -2*f - 9. Let c(g) = 3*g**3 - o*g**3 - 25 + 26 + g - 3*g - 7*g**2. Give c(w).
-23
Let t(k) = k**3 - 21*k**2 + 22*k - 15. Let j(z) = 2*z**2 - 166*z + 20. Let x be j(83). Determine t(x).
25
Let y(v) = v**3 + 10*v**2 + v + 3. Suppose 2*c - 83 = -3*d, -4*d - 39 = -c - 3*d. Suppose 0 = -j - h - 4 - 6, 4*j - 5*h + c = 0. Give y(j).
-7
Let f be 4 + 1 + -77 + 74. Let k(b) = -6*b**3 + 6*b**2 - 7*b - 5. Let m(w) = -7*w**3 + 7*w**2 - 8*w - 6. Let j(x) = 6*k(x) - 5*m(x). What is j(f)?
-8
Let p(z) = 105 + 0*z - 4*z - 225 - 5*z + 118. Let u(o) be the third derivative of -3*o**4/8 - o**3/3 + o**2. Let x(c) = 7*p(c) - 6*u(c). What is x(2)?
-20
Let u(v) = -2*v**2 - 12*v - 4. Let r(a) = 11*a + 242. Let x be r(-22). Suppose 5*k + x*c + 3*c + 49 = 0, -4*k - 4*c - 44 = 0. Calculate u(k).
-36
Suppose 2*t - 57 + 41 = 0. Let y(g) be the first derivative of 2*g**3/3 - 9*g**2 + 10*g + 704. What is y(t)?
-6
Let h(v) = 2*v + 19. Let k be 8 - 10 - 4/(12/(-27)). What is h(k)?
33
Let m(x) = 0 - 2*x**2 + 1 + 0 - 8*x**3. Let k be 7/(43 - (17 + 19)). Determine m(k).
-9
Let v(r) = 48*r + 963. Suppose 130*n - 87*n = 85*n + 840. Calculate v(n).
3
Let x(o) be the second derivative of o**5/120 + 13*o**4/24 - 2*o**3/3 - o**2 + 32*o. Let c(s) be the second derivative of x(s). What is c(-11)?
2
Let m(i) be the first derivative of -7*i**4/4 + i**3/3 - i**2/2 + i + 86. Suppose -8*a = -3*a - 5. What is m(a)?
-6
Let g = -200 - -202. Let l(n) = 6 + 9*n**g - 6*n + 1 - 8*n**2. Calculate l(6).
7
Suppose 6 = 48*z - 138. Let g(b) = -b**3 + 4*b**2 - 16. Give g(z).
-7
Let a(z) be the second derivative of -z**4/12 + 11*z**3/6 + 3*z**2/2 - 904*z. Give a(10).
13
Let n(t) = 22*t**3 - 5*t + 4. Let k(z) = -19*z**3 - z**2 + 4*z - 4. Let q(d) = 7*k(d) + 6*n(d). What is q(-3)?
-34
Let u(i) = -3*i**2. Let c = 7 + -4. Let z(b) = b**3 - 4*b**2 + 5*b - 6. Let o be z(c). Suppose 0 = 5*g + 3*h - 5, -1 = -o*g - g + 4*h. Calculate u(g).
-3
Let u(l) = l**3 + 5*l**2 + 5*l + 3. Let p = -226 - 8. Let f = -238 - p. What is u(f)?
-1
Let m(w) = -w**2 + 7*w - 3. Suppose 2*z - 3*z = -40. Let a be 22/8 + -2 + (-3077)/(-68). Let p = a - z. Determine m(p).
3
Let q(j) = -17*j**3 - 8*j**2 + 2*j - 11. Let r be q(3). Let k = r + 528. Let f(p) = -p**2 - 7*p + 10. Calculate f(k).
2
Let p(i) be the second derivative of -2*i**3/3 + 9*i**2/2 + 9*i + 2. Let g(b) = 5*b - 7. Let c(y) = 3*g(y) + 4*p(y). Determine c(15).
0
Let g(j) = -j + 3. Suppose -2*f - 5 = -3*f. Suppose -2*t = 27 - 57. Suppose -o - f = x, 3*o + t = -x - 0*o. What is g(x)?
3
Let o(z) = -8*z**2 + 29*z + 3. Let a(v) = 3*v**2 - 14*v - 2. Let g(s) = -5*a(s) - 2*o(s). Calculate g(-8).
-28
Let c be (-6)/(4 - 2) + 2. Let y(w) = w**3 + 23*w**2 - 22*w + 50. Let r be y(-24). Let a(x) = -2*x + 2*x**2 + 12 - 10*x**2 + x**r - 13. Calculate a(c).
-6
Let u(l) = l**3 + 34*l**2 + 63*l - 31. Suppose -4*v - 158 = 5*t, -58*v + 38 = -59*v - t. Give u(v).
1
Let z(j) = -726*j**2 + 375*j**2 + 352*j**2 + 5*j - 7. Suppose -l + 10 - 16 = 0. Give z(l).
-1
Let j(x) be the first derivative of -x**4/4 + 10*x**3/3 - 21*x**2/2 + 5*x - 329. Give j(7).
5
Let c(z) be the second derivative of -z**5/20 - 3*z**4/4 - 13*z**3/6 - 13*z**2 + 8170*z. Determine c(-8).
14
Let x(l) = 4 - 7*l - l**3 + 8*l + 2 - 10*l**2. Let i = 341 + -351. Give x(i).
-4
Let p(c) be the second derivative of -c**7/2520 - c**6/720 + c**5/40 - 25*c**4/6 + c**2 + 39*c. Let u(a) be the third derivative of p(a). Determine u(-4).
-9
Let q(w) = 61*w + 5. Let r(m) = 51*m + 4. Let t(v) = 5*q(v) - 6*r(v). Determine t(-10).
11
Let l(w) = -5*w - 3. Suppose -17*g - 34 = -0. Let m(v) = -2*v. Let t(i) = g*m(i) + l(i). Suppose -3*x + 12 = 0, -4*s - 23 = -3*x - 3. What is t(s)?
-1
Suppose 4*t + 9*t = -884. Let z = t - -65. Let n(k) = -k**2 - 1. Let g(u) = 4. Let d(i) = g(i) + 2*n(i). Give d(z).
-16
Let r(b) = b**3 + 10*b**2 + 12*b - 2. Let t = 365 + -363. Suppose 0 = t*j - 2*c + 8, -4*c - 47 = 2*j - 9. What is r(j)?
-29
Suppose 3*g - 4*v = 3 + 1, -3*g - 5*v - 5 = 0. Suppose g = 5*u + i - 6, 2*u + 5*i = u + 6. Let o(q) = -7*q**3 + 2*q**2 - 3*q**2 + q + 0*q**2. Calculate o(u).
-7
Let b(m) = -6*m**3 - 65*m**2 + 15*m + 13. Let q(k) = k**3 + 13*k**2 - 2*k - 1. Let d(y) = b(y) + 5*q(y). What is d(-2)?
6
Let t(o) = 21. Let x(m) = -m - 73. Let u(v) = -6*t(v) - x(v). Determine u(44).
-9
Let y(b) = -55*b**3 + 10*b**2 + 29. Let c(q) = -110*q**3 + 22*q**2 + 68. Let f(h) = -3*c(h) + 7*y(h). Calculate f(1).
-52
Suppose -2*l - 42 = -3*t, -16*t + 70 = -5*l - 154. Let s(f) = -2*f + f**2 - 7 - 3*f**2 + f**2. Give s(l).
-7
Let z = -10 + 13. Suppose -3*s - 27 = z. Let p(o) = 5 - 5 - 6 + 2 - 3 - o. Calculate p(s).
3
Let w(u) be the second derivative of u**6/40 - u**4/6 - u**3/2 - 49*u**2 + 10*u + 7. Let k(o) be the first derivative of w(o). Give k(-2).
-19
Let n(x) = -3*x - 29. Let p be n(-9). Let h(o) = -2*o**3 - 2*o**2 + 2*o + 3. Let b(f) = -9*f**3 - 11*f**2 + 11*f + 16. Let i(j) = p*b(j) + 11*h(j). Give i(-1).
5
Let f(h) = 20*h**2 + 22*h - 24. Let l(n) = 34*n**2 + 42*n - 45. Let w(r) = 5*f(r) - 3*l(r). What is w(1)?
-3
Let c(s) = 19 + 95*s - 29*s - 6*s**2 + s**3 - s**2 - 25*s - 37*s. Calculate c(5).
-11
Let w(h) = h**3 + 106*h + 107*h - 30 - 322*h + 116*h - 8 + 20*h**2. What is w(-20)?
-178
Let i(m) = -23*m**2 - 287*m - 699. Let r(d) = 6*d**2 + 71*d + 174. Let t(k) = 4*i(k) + 15*r(k). Determine t(-39).
9
Let s(z) = -2536 - z + z + z + 2536. Let d = 4 - 7. Give s(d).
-3
Let s be ((-67)/(-134))/(3 + 0 + (-7)/2). Let t(i) = 9*i**2 - 1. Calculate t(s).
8
Let w be ((-9)/12)/((-12)/128) - 5. Let v(k) be the second derivative of -k**2 - 1/6*k**w - 2*k + 0. What is v(-4)?
2
Let o(x) = -x**2 + 24*x - 125. Suppose 33*k - 145*k + 1904 = 0. Determine o(k).
-6
Let l(c) = c - 3*c - 1 - 5. Suppose -136 - 2272 = 8*z. Let y = z + 295. Give l(y).
6
Let p = -3 + 6. Suppose v = 4*f + 1292, 5*v = 9*v + 4*f - 5068. Let g(k) = p*k**3 + v + 8*k + 4*k**2 - 1269 - 4*k**3. Calculate g(6).
-21
Let f be 4/12*(-6 + 102/12). Let g(j) be the third derivative of 0 + 1/8*j**4 + 0*j + f*j**3 - 6*j**2. Calculate g(-4).
-7
Let t(l) be the third derivative of -7*l**4/8 + 235*l**3/6 + 434*l**2 - l. What is t(11)?
4
Let p = 151 - 145. Let k(o) = p - 2*o + 12 - 20. Give k(-1).
0
Let z(o) = -o**3 + 6*o**2 - 2*o - 5. Suppose f = p - 15, 3*p + f + 3*f = 66. Suppose -2*a - p = -49*d + 45*d, 3*d + 2*a - 10 = 0. Calculate z(d).
19
Let w(n) = -7*n. Suppose -2*r = 3*s - 31 + 4, -4*s + 2*r + 22 = 0. Suppose -s*x = 2*x + 9. Let f(a) = a + 1. Let l(u) = x*w(u) - 6*f(u). Calculate l(5).
-1
Let v(g) be the third derivative of -7*g**4/12 + 2*g**3/3 - 89*g**2 + 10. Give v(2).
-24
Let k(z) = 13*z + 5. Let d(i) = -i**2 - 30*i - 100. Let f be d(-26). Suppose -29*v + 28*v - f = 0. What is k(v)?
-47
Let d = 3 + 4. Let i(p) be the first derivative of -p**5/60 + p**4/4 - 4*p**3/3 - 19*p**2/2 + p - 298. Let v(a) be the second derivative of i(a). Give v(d).
-15
Let t(g) = g**2 + 6*g + 7. Suppose 4*b - 5*q + 0*q = -20, 2*q - 8 = -b. Suppose -m - 64 + 58 = b. Determine t(m).
7
Let v(w) = w**2 - 10*w + 28. Let s be v(4). Let r(x) = -6*x + 11 - s + 2 - 8 - x**2. Give r(-3).
10
Let a =